u(j) = 6*j - 16. Determine u(13).
62
Let u(t) = -4*t - 3. Give u(-3).
9
Let g(d) = -4*d**2 + 25*d - 10. Determine g(6).
-4
Let t(x) = x**3 - 12*x**2 + 4*x - 15. Determine t(12).
33
Let y(k) = -3*k + 1. Calculate y(8).
-23
Let y(x) = -x**3 + 8*x**2 - 6*x - 14. What is y(6)?
22
Let p(d) = 22*d + 45. Give p(-2).
1
Let i(b) = b**2 + 6*b + 11. Determine i(-4).
3
Let t(w) = -37*w + 921. Give t(25).
-4
Let y(m) = -2*m**3 + 48*m**2 + 3*m - 45. Give y(24).
27
Let p(i) = i**3 - 2*i**2 - 3*i - 6. What is p(3)?
-6
Let v(l) = l**3 + 26*l**2 - 29*l - 35. Give v(-27).
19
Let d(h) = 2*h**2 + 2*h - 10. Determine d(2).
2
Let k(p) = p**3 - 9*p**2 - 12*p - 2. Calculate k(9).
-110
Let d(h) = -h**3 + 7*h**2 - 2*h + 6. Give d(6).
30
Let j(h) = h**2 + h - 64. Calculate j(8).
8
Let n(j) = -3*j**2 - j + 1. Give n(1).
-3
Let h(t) = -13*t**3 + t**2 + 5*t - 6. What is h(1)?
-13
Let h(a) = -7*a - 17. Calculate h(-4).
11
Let b(l) = -3*l**3 - l**2 - 2*l. Give b(2).
-32
Let f(z) = 15*z - 318. Determine f(20).
-18
Let l(c) = c**2 - 7*c + 9. What is l(6)?
3
Let p(c) = -c**2 - 13*c + 37. Calculate p(-15).
7
Let x(i) = -i**3 - 13*i**2 + 13*i - 12. Determine x(-14).
2
Let a(r) = r**2 - 2*r - 5. Give a(0).
-5
Let k(h) = h**3 - 4*h**2 - 10*h - 3. Give k(6).
9
Let k(z) = z**2 + 31*z + 122. What is k(-5)?
-8
Let b(j) = -32*j**3 + j**2 + j - 2. Calculate b(1).
-32
Let r(t) = t**2 + 13*t + 4. What is r(-12)?
-8
Let z(b) = 2*b**3 - 3*b**2. Determine z(2).
4
Let k(j) = j**3 + 2*j**2 + 4*j - 7. Calculate k(-4).
-55
Let j(x) = 2*x**2 - 22. Give j(-5).
28
Let q(f) = -3*f**2 - f + 3. Give q(-4).
-41
Let l(c) = 4*c**3 - 3*c**2 + 3*c. What is l(2)?
26
Let g(f) = -f**3 + 5*f**2 - f + 10. Calculate g(6).
-32
Let f(b) = -b**3 + 2*b**2 + 3*b + 5. Give f(4).
-15
Let w(t) = -14*t - 92. Determine w(-7).
6
Let z(j) = 2*j**3 - 51*j**2 - 26*j - 2. What is z(26)?
-2
Let z(y) = y**2 - 23*y + 40. Calculate z(22).
18
Let o(x) = 4*x - 11. Determine o(3).
1
Let h(m) = m**3 - 10*m**2 + 15*m. What is h(8)?
-8
Let o(m) = 6*m**3 - 3*m**2 - 3*m - 1. Calculate o(-1).
-7
Let r(a) = 15*a + 69. Give r(-10).
-81
Let d(q) = q + 2. Calculate d(-4).
-2
Let h(g) = -g**3 - 8*g**2 + 9*g + 9. Determine h(-9).
9
Let c(m) = -m**2 + 6*m - 4. Calculate c(6).
-4
Let s(b) = -2*b**2 - 31*b + 13. What is s(-16)?
-3
Let c(d) = -2*d**2 + 7. Give c(3).
-11
Let p(z) = z + 3. Determine p(5).
8
Let n(q) = -q**3 - 4*q**2 - 3*q - 14. Determine n(-4).
-2
Let f(c) = 7*c**2 + 4*c + 1. Give f(-4).
97
Let o(m) = -2*m**2 + 6*m + 9. Determine o(6).
-27
Let y(o) = -o**2 - 4*o - 1. Calculate y(-5).
-6
Let y(g) = -12*g + 12. What is y(4)?
-36
Let p(w) = 2*w**3 - 3*w**2 - 2. Determine p(3).
25
Let z(p) = -3*p**2 + 112*p - 137. Give z(36).
7
Let t(z) = z**3 + 10*z**2 + 16*z - 15. Determine t(-8).
-15
Let b(c) = -2*c**2 - 3*c + 2. Determine b(4).
-42
Let z(s) = s**3 + 43*s**2 + 51*s + 370. Calculate z(-42).
-8
Let g(p) = -3*p**2 + 8*p + 3. Calculate g(-2).
-25
Let a(c) = -110*c + 676. What is a(6)?
16
Let r(l) = -2*l**2 - 4*l - 1. What is r(0)?
-1
Let g(v) = v**3 - 6*v**2 + v - 2. Determine g(5).
-22
Let c(q) = q**3 + 10*q**2 + 8*q + 9. Give c(-9).
18
Let u(o) = -o**3 + 5*o**2 - 6*o + 3. Calculate u(5).
-27
Let d(k) = -18*k**2 + 2. What is d(-2)?
-70
Let f(x) = -x**2 + 16*x - 8. Calculate f(12).
40
Let v(j) = 29*j - 49. What is v(2)?
9
Let p(o) = o**3 + 9*o**2 + 14*o - 4. What is p(-7)?
-4
Let g(a) = -3*a - 20. What is g(-5)?
-5
Let x(s) = -s**2 - 4*s + 22. Calculate x(-7).
1
Let o(x) = 17*x**2 + 288*x - 25. Give o(-17).
-8
Let n(z) = -z**3 + 3*z**2 - 4*z + 1. Give n(3).
-11
Let h(d) = -2*d**3 + 7*d**2 - d - 14. Give h(4).
-34
Let j(c) = -2*c**2 + 73*c + 45. Give j(37).
8
Let b(y) = -2*y**3 - 25*y**2 + 9*y - 39. Determine b(-13).
13
Let o(k) = k**2 - 7*k - 19. Calculate o(10).
11
Let h(j) = -j**2 + j - 23. Calculate h(-5).
-53
Let a(u) = u**2 + 7*u + 12. Give a(-9).
30
Let g(s) = 2*s**2 - 18*s - 7. Calculate g(10).
13
Let c(n) = 2*n**3 + 19*n**2 - 4*n + 59. Give c(-10).
-1
Let r(i) = -i**3 + 7*i**2 + 12*i + 11. What is r(9)?
-43
Let t(u) = u**3 + 41*u**2 - 59*u - 713. What is t(-42)?
1
Let w(p) = -11*p**2 - 2*p + 5. Determine w(2).
-43
Let b(p) = p**2 - 15*p + 29. Calculate b(3).
-7
Let z(x) = 7*x + 2. Calculate z(-1).
-5
Let c(v) = -9*v - 43. What is c(-6)?
11
Let v(x) = -2*x**2 + 4*x - 2. Calculate v(4).
-18
Let d(z) = 30*z + 2. What is d(-1)?
-28
Let o(k) = 4*k - 42. Determine o(9).
-6
Let m(c) = -82*c - 242. Determine m(-3).
4
Let j(d) = d**3 + 7*d**2 - d - 2. Give j(-7).
5
Let h(m) = -m + 81. Determine h(22).
59
Let m(w) = -w**2 - 24*w - 19. Determine m(-23).
4
Let x(u) = u**3 + 3*u**2 - u - 4. Determine x(-3).
-1
Let o(k) = -2*k**2 + 6*k - 6. Give o(4).
-14
Let l(u) = u**2 + 23*u + 128. Give l(-14).
2
Let q(w) = 9*w - 3. Calculate q(-5).
-48
Let g(s) = 3*s + 37. What is g(-14)?
-5
Let w(u) = 185*u + 4251. What is w(-23)?
-4
Let b(p) = 4*p**2 + 6*p + 1. Calculate b(-4).
41
Let u(s) = -2*s + 7. What is u(9)?
-11
Let u(f) = 25*f - 11. Give u(1).
14
Let t(k) = -k**3 - 13*k**2 + 17*k + 32. What is t(-14)?
-10
Let u(j) = -j - 29. Give u(0).
-29
Let w(d) = -d**3 + 5*d**2 + 7*d + 1. What is w(6)?
7
Let n(l) = -31*l - 176. What is n(-6)?
10
Let v(u) = u - 24. Give v(17).
-7
Let b(j) = -j**3 - j + 31. What is b(0)?
31
Let s(h) = 3*h + 17. What is s(-11)?
-16
Let x(u) = u**3 - 4*u**2 + 8. Determine x(-2).
-16
Let s(p) = -4*p - 23. Determine s(-13).
29
Let d(j) = -j**3 + 6*j**2 - 3*j + 9. Determine d(6).
-9
Let w(n) = -29*n + 100. Give w(4).
-16
Let j(w) = -7*w - 42. Determine j(-8).
14
Let a(o) = -2*o - 12. Give a(-7).
2
Let o(d) = -d**3 + 4*d**2 + 42*d - 91. Calculate o(8).
-11
Let w(o) = -o + 4. What is w(-3)?
7
Let x(h) = -h**2 + 47*h - 127. Determine x(45).
-37
Let q(g) = -3*g**2 - 15*g + 52. Calculate q(3).
-20
Let l(y) = -15*y - 46. Give l(-3).
-1
Let i(b) = -2*b - 8. Calculate i(-9).
10
Let q(z) = z**3 + 20*z**2 + 66*z + 35. Give q(-16).
3
Let b(z) = 42*z - 623. Calculate b(15).
7
Let f(n) = -19*n**2. What is f(-1)?
-19
Let v(l) = -4*l - 7. Determine v(-7).
21
Let p(y) = y**2 - 13*y + 17. Determine p(10).
-13
Let s(c) = c**3 + 6*c**2 + 2*c + 2. What is s(-6)?
-10
Let u(m) = m**2 + 10*m + 4. Calculate u(-7).
-17
Let f(m) = 5*m + 4. What is f(10)?
54
Let w(q) = -13*q - 73. What is w(-5)?
-8
Let m(u) = u**3 + 14*u**2 - 30*u + 36. Calculate m(-16).
4
Let n(z) = -14*z + 1. What is n(2)?
-27
Let n(j) = -6*j**2 - 5*j + 5. Give n(3).
-64
Let i(t) = -t**3 + 6*t**2 - t - 6. Calculate i(6).
-12
Let v(i) = -2*i**2 + i + 4. Calculate v(3).
-11
Let t(r) = r + 23. Calculate t(-13).
10
Let h(w) = 2*w**2 - 7*w - 35. Calculate h(6).
-5
Let k(v) = v**3 - 4*v - 3. Determine k(-2).
-3
Let i(q) = -5*q**2 - q. What is i(-2)?
-18
Let c(o) = -o**2 + 16*o - 33. Give c(15).
-18
Let t(w) = 3*w**3 + 2*w + 2. Determine t(-1).
-3
Let c(r) = r**3 + 5*r**2 - 2*r + 19. Determine c(-7).
-65
Let r(c) = -2*c - 27. Give r(-9).
-9
Let c(r) = -4*r**2 - 7*r + 9. Calculate c(-5).
-56
Let d(a) = a**2 - 2*a - 37. What is d(7)?
-2
Let a(s) = 2*s - 25. What is a(5)?
-15
Let n(b) = -b**2 + 8*b - 16. Calculate n(7).
-9
Let o(a) = -a**3 - 5*a**2 - 8*a - 8. What is o(-6)?
76
Let n(s) = s**3 - 14*s**2 - 14*s + 4. Calculate n(15).
19
Let m(h) = 8*h - 2. What is m(1)?
6
Let w(n) = n**2 + 16*n - 35. Give w(-18).
1
Let v(x) = -x**2 - 4*x + 7. What is v(-7)?
-14
Let s(q) = q**3 - 5*q**2 - 15*q + 56. What is s(6)?
2
Let t(c) = -c**2 - 9*c - 18. Give t(-6).
0
Let f(k) = -8*k - 25. Calculate f(-3).
-1
Let t(a) = -a**3 - 10*a**2 - 8*a - 1. Calculate t(-9).
-10
Let h(i) = 4*i + 124. Give h(-31).
0
Let j(m) = -m**2 + 11*m + 7. Determine j(11).
7
Let b(y) = -y**3 + 20*y**2 - 19*y - 14. What is b(19)?
-14
Let j(y) = -30*y - 655. Determine j(-22).
5
Let b(p) = 55*p + 273. What is b(-5)?
-2
Let d(r) = -4*r**2 + 11. Calculate d(0).
11
Let f(y) = 3*y**2 + 3*y + 4. What is f(-3)?
22
Let p(z) = z**3 + 6*z**2 + 12*z + 1. What is p(-7)?
-132
Let j(u) = -u**2 + u + 18. Determine j(-4).
-2
Let c(x) = 17*x - 114. Calculate c(6).
-12
Let x(m) = 2*m + 47. What is x(-11)?
25
Let s(m) = -19*m**2 + 2*m - 1. Give s(1).
-18
Let h(z) = z + 25. What is h(7)?
32
Let r(i) = -i**2 - 14*i + 27. Calculate r(-16).
-5
Let y(b) = b**3 + 7*b**2 + 4*b - 4. Give y(-6).
8
Let t(u) = -8*u + 21. Give t(-5).
61
Let a(y) = -y**2 - 13*y - 13. Calc